 is divided by 33?
31
Calculate the remainder when 150160 is divided by 309.
295
What is the remainder when 1108 is divided by 462?
184
What is the remainder when 10190 is divided by 2546?
6
Calculate the remainder when 68774 is divided by 219.
8
Calculate the remainder when 7892 is divided by 12.
8
What is the remainder when 44684 is divided by 4468?
4
What is the remainder when 52244 is divided by 66?
38
Calculate the remainder when 2998 is divided by 2212.
786
What is the remainder when 4667 is divided by 26?
13
What is the remainder when 3039 is divided by 2853?
186
Calculate the remainder when 176853 is divided by 456.
381
What is the remainder when 33523 is divided by 140?
63
What is the remainder when 115557 is divided by 692?
685
What is the remainder when 24401 is divided by 976?
1
Calculate the remainder when 1021 is divided by 251.
17
What is the remainder when 9996 is divided by 278?
266
Calculate the remainder when 36647 is divided by 72.
71
Calculate the remainder when 382 is divided by 64.
62
What is the remainder when 22621 is divided by 41?
30
What is the remainder when 1124 is divided by 61?
26
What is the remainder when 423515 is divided by 174?
173
Calculate the remainder when 29736 is divided by 174.
156
What is the remainder when 2108082 is divided by 17?
14
What is the remainder when 6380 is divided by 2121?
17
What is the remainder when 4515 is divided by 388?
247
Calculate the remainder when 14994 is divided by 2497.
12
What is the remainder when 78217 is divided by 19553?
5
Calculate the remainder when 2253449 is divided by 75.
74
Calculate the remainder when 6876 is divided by 45.
36
What is the remainder when 4073 is divided by 493?
129
Calculate the remainder when 86263 is divided by 273.
268
Calculate the remainder when 882784 is divided by 138.
136
Calculate the remainder when 26625 is divided by 451.
16
Calculate the remainder when 129358 is divided by 294.
292
What is the remainder when 3026 is divided by 170?
136
Calculate the remainder when 287018 is divided by 47830.
38
What is the remainder when 326092 is divided by 605?
602
Calculate the remainder when 390284 is divided by 239.
236
What is the remainder when 34125 is divided by 113?
112
What is the remainder when 714 is divided by 68?
34
What is the remainder when 2269 is divided by 329?
295
Calculate the remainder when 2270 is divided by 354.
146
Calculate the remainder when 56316 is divided by 1754.
188
Calculate the remainder when 21077 is divided by 470.
397
What is the remainder when 2284 is divided by 189?
16
Calculate the remainder when 14326 is divided by 1789.
14
What is the remainder when 569 is divided by 285?
284
Calculate the remainder when 89885 is divided by 426.
425
What is the remainder when 58246 is divided by 2239?
32
Calculate the remainder when 395272 is divided by 1032.
16
What is the remainder when 82906 is divided by 92?
14
What is the remainder when 4785 is divided by 1194?
9
Calculate the remainder when 2710 is divided by 135.
10
What is the remainder when 13684 is divided by 6842?
0
What is the remainder when 24406 is divided by 36?
34
Calculate the remainder when 8732 is divided by 513.
11
What is the remainder when 272992 is divided by 1500?
1492
Calculate the remainder when 5137 is divided by 227.
143
What is the remainder when 66236 is divided by 16538?
84
What is the remainder when 5695 is divided by 2806?
83
What is the remainder when 7282 is divided by 479?
97
What is the remainder when 27389 is divided by 166?
165
What is the remainder when 18269 is divided by 290?
289
Calculate the remainder when 229468 is divided by 1452.
52
Calculate the remainder when 36863 is divided by 87.
62
Calculate the remainder when 1856 is divided by 29.
0
Calculate the remainder when 7571 is divided by 1073.
60
Calculate the remainder when 14727 is divided by 14713.
14
Calculate the remainder when 146479 is divided by 20.
19
What is the remainder when 3153069 is divided by 62?
59
Calculate the remainder when 36085 is divided by 389.
297
Calculate the remainder when 5286 is divided by 56.
22
What is the remainder when 42136 is divided by 16?
8
Calculate the remainder when 80046 is divided by 209.
208
Calculate the remainder when 81187 is divided by 79.
54
What is the remainder when 16730 is divided by 8332?
66
What is the remainder when 33103 is divided by 175?
28
What is the remainder when 8134 is divided by 337?
46
Calculate the remainder when 2488 is divided by 224.
24
What is the remainder when 1305 is divided by 1164?
141
Calculate the remainder when 4740462 is divided by 91.
90
What is the remainder when 88515 is divided by 40?
35
Calculate the remainder when 906342 is divided by 41197.
8
What is the remainder when 90088 is divided by 85?
73
What is the remainder when 4904 is divided by 979?
9
Calculate the remainder when 7705 is divided by 115.
0
What is the remainder when 14304 is divided by 2365?
114
Calculate the remainder when 7084 is divided by 266.
168
What is the remainder when 116811 is divided by 149?
144
Calculate the remainder when 7258 is divided by 2330.
268
Calculate the remainder when 26307 is divided by 3758.
1
Calculate the remainder when 12148 is divided by 18.
16
Calculate the remainder when 636 is divided by 591.
45
What is the remainder when 115237 is divided by 344?
341
What is the remainder when 631 is divided by 13?
7
Calculate the remainder when 108 is divided by 26.
4
Calculate the remainder when 1870 is divided by 41.
25
What is the remainder when 173166 is divided by 167?
154
Calculate the remainder when 421865 is divided by 85.
10
Calculate the remainder when 2251 is divided by 1089.
73
Calculate the remainder when 88126 is divided by 22029.
10
Calculate the remainder when 41878 is divided by 20936.
6
What is the remainder when 327158 is divided by 1273?
1270
What is the remainder when 11574 is divided by 10334?
1240
Calculate the remainder when 46858 is divided by 47.
46
Calculate the remainder when 109935 is divided by 206.
137
What is the remainder when 19828 is divided by 7?
4
What is the remainder when 170454 is divided by 1159?
81
Calculate the remainder when 1842 is divided by 275.
192
What is the remainder when 3021248 is divided by 1391?
1387
What is the remainder when 1651 is divided by 102?
19
What is the remainder when 513410 is divided by 6?
2
Calculate the remainder when 5559 is divided by 224.
183
Calculate the remainder when 7376 is divided by 87.
68
What is the remainder when 20615 is divided by 542?
19
What is the remainder when 6442 is divided by 52?
46
Calculate the remainder when 3410 is divided by 669.
65
What is the remainder when 1923 is divided by 1923?
0
What is the remainder when 34056 is divided by 3095?
11
What is the remainder when 666 is divided by 572?
94
What is the remainder when 56138 is divided by 56135?
3
What is the remainder when 3637 is divided by 212?
33
Calculate the remainder when 15830 is divided by 15426.
404
What is the remainder when 447080 is divided by 8?
0
What is the remainder when 76528 is divided by 25364?
436
Calculate the remainder when 81213 is divided by 572.
561
Calculate the remainder when 13094 is divided by 2180.
14
Calculate the remainder when 6387 is divided by 15.
12
Calculate the remainder when 1887 is divided by 156.
15
Calculate the remainder when 16209 is divided by 29.
27
What is the remainder when 275 is divided by 107?
61
Calculate the remainder when 1173 is divided by 153.
102
What is the remainder when 3904 is divided by 699?
409
What is the remainder when 556 is divided by 25?
6
What is the remainder when 7516 is divided by 932?
60
What is the remainder when 25133 is divided by 12379?
375
What is the remainder when 458505 is divided by 5?
0
What is the remainder when 907197 is divided by 300?
297
Calculate the remainder when 383357 is divided by 706.
705
Calculate the remainder when 2238 is divided by 324.
294
What is the remainder when 31586 is divided by 405?
401
Calculate the remainder when 10376 is divided by 325.
301
What is the remainder when 535304 is divided by 609?
602
What is the remainder when 15090 is divided by 15085?
5
Calculate the remainder when 5771 is divided by 1921.
8
What is the remainder when 121840 is divide